 are the prime factors of f?
11, 13
What are the prime factors of 15/(-3) + (4 - 31806)*57/(-38)?
2, 7, 3407
Suppose 29*m - 2*m = 1911593 + 5542. What are the prime factors of m?
5, 11, 1291
List the prime factors of ((-80)/(-420))/((-4)/(-24))*(-390068)/(-8).
2, 13931
Let q(f) = 4*f - 190. Let h be q(35). List the prime factors of (2172/(-20))/(15/h).
2, 181
Let g(z) = -5*z + 37. Let a be g(-7). Let j = -72 + a. Suppose j = -2*i + f + 242, -4*i + f + 504 = 4*f. List the prime factors of i.
3, 41
Let x = 349 + -308. What are the prime factors of 6/(-30) + (2 - x/(-5))?
2, 5
Suppose -2*a - 4888 = -3*m, -2*m + 5*a - 6*a = -3261. Let u = m + -891. List the prime factors of u.
739
What are the prime factors of 17/(420945/(-70155) + 6)*(-1)/3?
17, 1559
Suppose -w - 4*i = -2942, 0 = 2*w + 147*i - 144*i - 5854. List the prime factors of w.
2, 1459
List the prime factors of (-12)/(-6)*((-143)/(-13))/(3/3687).
2, 11, 1229
Let l(q) = -2*q**3 + 36*q**2 + 13*q + 145. Let r(z) = z**3 - 18*z**2 - 7*z - 73. Let x(u) = 4*l(u) + 7*r(u). List the prime factors of x(18).
3, 41
Let r(v) = 4*v**2 - 17*v + 6. Let z be (((-783)/(-12))/9)/((-2)/(-16)). Suppose 5*i + 23 = z. What are the prime factors of r(i)?
83
Let d be 4728/(-16) + (-2)/(-4). Let w = -206 - d. Suppose h - 2*z = 25, z + w = h + 4*h. List the prime factors of h.
17
Suppose -61*s - 54056 + 285124 = 0. What are the prime factors of s?
2, 947
Let z = -47 + 51. Suppose 2*r = v + 1 - 18, z*r - 4 = 0. Suppose 10*n - 771 = v. What are the prime factors of n?
79
Suppose -8*l + 8730 = 3*h - 9*l, -3*l = 5*h - 14536. What are the prime factors of h?
2909
Suppose -3*i = -27 - 45. Suppose -6*s + 2*s = -i. List the prime factors of (s/15)/((6/(-370))/(-3)).
2, 37
What are the prime factors of -1*(2/(-6))/(33/933273)?
11, 857
Suppose -4*s - i = 4*i - 149729, 2*s - 5*i - 74797 = 0. List the prime factors of s.
23, 1627
Let y = 78 + -162. Let r be -2 - (-3)/(6*(-3)/y). What are the prime factors of 92 - (2 - r/3)?
2, 47
Let d = 205 + -201. Suppose -5*k + 281 = 2*i, 275 + 345 = 5*i - d*k. What are the prime factors of i?
2
Suppose -3*v = -4*w + 7*w - 3423, -5*w - 5665 = -5*v. Suppose 0 = -6*z + 213 + v. What are the prime factors of z?
3, 5
Let i = 206 - 202. Suppose i*h - 2996 = 2016. List the prime factors of h.
7, 179
Let s be (-96)/56*(-14)/3. Suppose -9*p + s*p = 0. List the prime factors of (-2 - (-55 - -4)) + p.
7
Let v(h) = -h**2 - 6*h - 16. Let w be v(0). Let q be (4 - (-2 + 6)) + w. List the prime factors of ((-38)/(-4) - -1)/((-12)/q).
2, 7
Suppose -4*c - 3*m + 28 = -2*c, 0 = 4*c - 5*m - 34. Suppose 17*w - 708 = c*w. Let k = w - 63. List the prime factors of k.
5, 11
Suppose 0 = -4*v + 309 - 297, 3*i - 143439 = -5*v. What are the prime factors of i?
2, 3, 83
Let z(j) = 18*j**2 - 93*j + 26. Let g be z(-22). Suppose -g = -10*o - 2494. What are the prime factors of o?
829
Let u = 432 - 286. Suppose 0 = -5*r - u + 101. What are the prime factors of (-318)/r + 1/(-3)?
5, 7
Let k(b) = 2*b**3 - 2*b**2 - 7*b - 4. Let f be ((3*5)/(-3))/(35/(-14)). Suppose 4*u - f*u = 8. What are the prime factors of k(u)?
2
Suppose 7*a + 57 = 43. What are the prime factors of (6 - 92/6)/(a/261)?
2, 3, 7, 29
Suppose 0*k + 75061 - 14653 = 4*k. What are the prime factors of k?
2, 3, 839
Suppose -15*u = -f + 2*u + 42854, -2*u = f - 42740. What are the prime factors of f?
2, 167
Suppose -11*l + 9*l = -5*o - 424, -4*o = -5*l + 1026. Let b be (-2)/(12/(-9))*l/(-3). Let i = 127 + b. List the prime factors of i.
2, 13
Suppose -1268 = 28*z - 32*z. Suppose 0*y = -3*y + 2*m + z, -2*y - m + 209 = 0. List the prime factors of y.
3, 5, 7
Let l = -92 - -74. Let b(x) = x**3 + 18*x**2 + x + 22. Let t be b(l). Suppose 180 = 6*a - t*a. What are the prime factors of a?
2, 3, 5
Let v = -8253 - -16430. List the prime factors of v.
13, 17, 37
Suppose -h - 5*m = 845, 6*h - h + 3*m = -4291. Let q = h + 1264. What are the prime factors of q?
2, 101
Let w be (875/(-2))/((-63)/252). Suppose 11*c - w = -3*c. What are the prime factors of c?
5
Suppose -12*j + 260 = -7*j. List the prime factors of j/20 + -2 + 7007/5.
2, 701
Let p be 786/8*16/12. Let w = p + 125. List the prime factors of w.
2
Suppose 3*x = -5*v + 68348, 13030 + 27956 = 3*v - 2*x. What are the prime factors of v?
2, 6833
Let f be ((-1)/(12/127395))/(6/(-24)). Suppose 48*q = -9*q + f. List the prime factors of q.
5, 149
Suppose 20*a - 5*w + 1752 = 23*a, -3*w + 1740 = 3*a. What are the prime factors of a?
2, 7, 41
Suppose 0 = 11*s - s + 2340. Let n = s - -357. What are the prime factors of n?
3, 41
Suppose k - 18 = -21, k = -2*w + 2643. What are the prime factors of w?
3, 7
Let p = -34991 - -52505. What are the prime factors of p?
2, 3, 7, 139
Let w(g) = -g**3 + 9*g**2 - 6. Let i be w(6). Let z(f) = -f**3 + 15*f**2 + 21*f + 13. Let v be z(16). Suppose 0 = -5*j + v + i. List the prime factors of j.
3, 13
Suppose x = 2*n - 9, 4*n + 6*x - 9*x = 23. Suppose -3*m + 2*a = -n*a - 1136, 0 = -m - 2*a + 382. What are the prime factors of m?
2, 5, 19
List the prime factors of (-210)/63*(-1809)/2.
3, 5, 67
Let i = -118 + 90. Let q = -26 - i. Suppose -s = -x + 2*s + 105, -s - 235 = -q*x. What are the prime factors of x?
2, 3, 5
Let b = 10399 + -4567. What are the prime factors of b?
2, 3
Let d(q) = 2*q**2 + 24*q + 7850. What are the prime factors of d(-101)?
2, 11, 587
Let q(b) = 4*b**3 + 5*b - 4. Let c be q(1). Suppose 0 = c*j - 17*j + 48. Suppose -2*o - 228 = n - 4*n, j*n - 304 = 3*o. What are the prime factors of n?
2, 19
Let p = -136 + 141. Suppose 5*q - 840 = -p*f, -2*q - 3*f - 2*f + 324 = 0. List the prime factors of q.
2, 43
Suppose l - 29*l = -84. Suppose -l*b - 3*k + 785 = -8*k, 4*k + 1317 = 5*b. List the prime factors of b.
5, 53
Suppose -5*j + 5*c + 22205 = 0, 15*j + 4433 = 16*j - 5*c. Suppose -16*z - 443 = -j. List the prime factors of z.
2, 5
Suppose 3*s + 13 + 5 = 0. Let b be (15/s)/((-6)/12). Suppose 4*p + 21 = -3*h + 64, 125 = b*h - 4*p. What are the prime factors of h?
3, 7
Let v(i) = 2*i - 12 + 15*i + 6*i + i. Suppose -w + 24 = 5*w. List the prime factors of v(w).
2, 3, 7
Let r(s) = s**3 - 19*s**2 - 15*s + 60. Let f be r(20). Suppose 860 + f = 2*i. What are the prime factors of i?
2, 3, 5, 17
Let i = 558 + -546. Suppose 4*g + 9*m = 8*m + 272, 0 = 3*m - i. What are the prime factors of g?
67
Suppose 2*m = -s - 476, 0*s - 3*s = 3*m + 708. Let k = -62 - -68. List the prime factors of (26/k)/((-8)/m).
2, 5, 13
Let q be (173/3)/((-3)/(-36)). Suppose -q*r = -698*r + 2016. What are the prime factors of r?
2, 3, 7
Let t(l) be the first derivative of 2*l**2 + 33*l - 17. Let d be t(-9). What are the prime factors of 1 + 64/1 - d?
2, 17
Let m(d) = 1209*d - 31. Let o(j) = -33*j + 1. Let v(y) = m(y) + 31*o(y). Let u = -1 - -2. List the prime factors of v(u).
2, 3, 31
Suppose 0 = 2*o + 3*l - 10784, -o + 0*l + 5392 = -l. What are the prime factors of o?
2, 337
Let n = 110 - -10743. What are the prime factors of n?
10853
Let w = -1553 + 991. Let n = w + 1223. What are the prime factors of n?
661
Let h be (9/(-12))/(0 - (-2)/(-40)). Let z = 20 - h. Suppose -5*g + 2*g = z*x - 322, 0 = x + 3*g - 74. What are the prime factors of x?
2, 31
Let f(n) = 19. Let y(g) = g + 1. Let t(c) = -f(c) + 2*y(c). Let w be t(8). What are the prime factors of 56 - (w - (4 + -8))?
53
Let y = -11857 + 19980. What are the prime factors of y?
8123
Suppose f - 3*v = 2*f - 6791, 5*v = f - 6807. What are the prime factors of f?
7, 971
Suppose 0 = -2*l + 6, 0 = 5*b - 3*l - 728 + 2. List the prime factors of b.
3, 7
Suppose 15 = 5*o - 2*y, 5*y + 13 = o - 13. Suppose -5*j = -3*w - o - 19, 0 = 4*w. Suppose h - j*f - 119 = f, 0 = -5*h - 2*f + 703. List the prime factors of h.
139
Let n = 41 - 43. Let l = n + -2. What are the prime factors of (-3 + l)*(-2 + -2)?
2, 7
Let f = -342 + 378. What are the prime factors of f/(-6)*534/(-12)*5?
3, 5, 89
Let p(z) = -76*z**2 - 6*z + 58. Let k be p(-11). What are the prime factors of ((-24)/18)/(14/k)?
2, 3
What are the prime factors of -41 + 10141 - ((-2)/2 + 9)?
2, 3, 29
Suppose -817*p + 806*p + 65687 = -43565. What are the prime factors of p?
2, 13, 191
Suppose -2*t = -6, 3*t - 33 = 2*f - 8. Let b(z) be the third derivative of -z**5/20 - 9*z**4/8 + z**3/2 + 3*z**2 + 43*z. What are the prime factors 